1. Calculate the remainder when 4 is divided by s.
0
Let x = -48 - -73. What is the remainder when 99 is divided by x?
24
Let c be 16/(-12)*(-9)/6. Suppose s + s = -c*l + 18, 2*s - 13 = -3*l. What is the remainder when 24 is divided by s?
10
Suppose h = 3*h - 64. Calculate the remainder when h is divided by (17/4)/(1/4).
15
Suppose -5*z + 39 = -66. Suppose -3*g + z - 3 = -o, -g = -3*o + 2. Suppose 5*a = 2 + 18. What is the remainder when g is divided by a?
3
Let t(g) = -g**3 - 5*g**2 + 3*g - 1. Suppose -3*s = -0*s. Let b = s + 9. Calculate the remainder when t(-6) is divided by b.
8
Let c(y) = y**3 - 5*y**2 - y - 4. Suppose -13 - 11 = -4*n. Calculate the remainder when c(n) is divided by 7.
5
Let q(h) = h**3 - 9*h**2 + 25*h. What is the remainder when q(8) is divided by 28?
24
Let m(c) = 2*c**2 - 6*c - 4. Let u(p) = 6*p - 1. What is the remainder when m(6) is divided by u(3)?
15
What is the remainder when 13 is divided by (2/6)/((-1)/(-21))?
6
Suppose -4*g + 360 = 44. What is the remainder when g is divided by 27?
25
Let j(r) = r**2 + 1. Let c be j(-2). Suppose 2 = c*m - 3. What is the remainder when 2 is divided by 4 - (2 - (0 - m))?
0
Let o = 70 + -7. What is the remainder when o is divided by 23?
17
What is the remainder when 63 is divided by (-1 + 2)*(24 - 6)?
9
Let y be (2 - -1)/((-2)/2). Calculate the remainder when 58 is divided by 10*(y - -7)/2.
18
Let v = -22 - -39. Suppose -2*c + 6*c - 5*p + v = 0, 25 = 5*p. Let t(r) = 2*r. Calculate the remainder when c is divided by t(1).
0
Suppose 7 + 0 = n - o, -3*n + 4*o + 26 = 0. Calculate the remainder when 13/3*(7 + n) is divided by 14.
11
Let s(y) be the third derivative of y**4/2 + y**2. Calculate the remainder when s(1) is divided by 4.
0
Let q = -23 + -12. Let u = -10 - q. Calculate the remainder when u is divided by 9.
7
Let b = 34 + -15. Let q = b + -14. Calculate the remainder when q is divided by 4.
1
Suppose -3*p - 130 = -8*p. Suppose 3*v + m - 148 = 0, 0 = -3*v + 2*m + 64 + 81. Calculate the remainder when v is divided by p.
23
Suppose -2*d = -0*d - 8. Suppose -2*m + 65 = f, f - 29 = -m + d*f. Suppose 2*n + 2*n = m. Calculate the remainder when 22 is divided by n.
6
Let x be -23*(-1 - -3 - 7). Suppose 7*c - 2*c = x. Calculate the remainder when 43 is divided by c.
20
Suppose 2*g - 4*g = 0. Suppose p + 2*m - 4 = 4*p, g = 2*p - 4*m + 16. Suppose 7 + 3 = p*l. Calculate the remainder when l is divided by 2.
1
Calculate the remainder when 95 is divided by 4/10*1*60.
23
Suppose -3*o = -8*o, 0 = -2*x + 5*o + 10. Suppose -16 = -x*w - 4*j, -j + 1 = w - 2. What is the remainder when 5 is divided by w?
1
Let z(d) = 5*d**2 - d. Let n be z(-1). Let v(b) = b**3 - 5*b**2 - 5*b + 8. What is the remainder when 12*(3 + n/(-8)) is divided by v(6)?
13
Suppose b + 0*b = -3, 0 = -5*m + 5*b + 45. Suppose -2 = -2*u + m. Calculate the remainder when 15 is divided by u.
3
Suppose -k + 10 = -1. Calculate the remainder when 73 is divided by k.
7
Suppose 4*o = o + 3*n, 5*n - 21 = -2*o. Suppose -o*c = -c - 8. Calculate the remainder when 5 is divided by c.
1
Suppose 0 = -4*y - 16, 206 = 2*u + 3*u - 4*y. Calculate the remainder when u is divided by 8.
6
Suppose 0 = -2*r - 7 - 3. Suppose -4*d + 81 - 5 = -2*l, -5*d + 4*l + 98 = 0. Calculate the remainder when (-7 - r)*(-35)/2 is divided by d.
17
Let d(q) = 13*q**2 + 2*q - 1. Let j = -6 + 6. Suppose 2*l + 5*k - 17 = 0, 1 = l + 5*k - j*k. What is the remainder when d(-2) is divided by l?
15
Let t(z) = -2 + 6 + 2*z + 6*z - 1. Calculate the remainder when t(3) is divided by 15.
12
Let p be ((-8)/10)/(4/(-10)). Suppose -2*x + 5 = y, -y - 30 = -3*x + p*y. Let d = -6 + 8. What is the remainder when x is divided by d?
1
Suppose 3*u = 2*v + 2*v + 118, 0 = -5*v - 20. Let d = 4 + -14. Let a = d - -22. What is the remainder when u is divided by a?
10
Suppose -3*q + 48 = 3*k, -2*k - q + 27 = -8. Let w = -11 + k. Calculate the remainder when 14 is divided by w.
6
Suppose -12 = -0*f - 3*f. Let p be ((-212)/6)/(f/6). Let m = -22 - p. What is the remainder when m is divided by 8?
7
Let u = 6 + -9. Let b be u*(0 + 2/(-6)). Suppose -b = -g - 0*g. Calculate the remainder when 2 is divided by g.
0
Suppose -4*i + 10 = -38. Calculate the remainder when 17 is divided by i - (-1 + 1 + 2).
7
Suppose -15 = -m - 2*m. What is the remainder when m is divided by (-72)/(-20) + 3/(-5)?
2
Let j(p) = p**3 - 5*p**2 + p + 6. Let r be j(5). Suppose -4*z + 3*d + 2*d = -61, -4*d - r = z. What is the remainder when 17 is divided by z?
8
Calculate the remainder when (3 - 5)/(2/31*-1) is divided by 11.
9
Let u(k) = k**2 - 14*k - 2. Let d be u(14). Calculate the remainder when d + 5 + (1 - -9) is divided by 82/12 + 6/36.
6
Let g(a) = -2*a**3 - 4*a**2 - 7*a - 4. Let b be g(-4). Suppose 28 = 4*w - b. What is the remainder when w is divided by ((-30)/8)/(3/(-8))?
9
What is the remainder when ((-52)/(-3))/((-14)/(-63)) is divided by 20?
18
Let q(o) be the first derivative of o**4/4 - 10*o**3/3 + 2*o**2 - 13*o + 2. Calculate the remainder when q(10) is divided by 10.
7
Suppose 74 = a + a. What is the remainder when 55 is divided by (a - -1)*2/4?
17
Suppose 9 = -5*r - 11. Suppose 60 = 4*w + 4*k, -4*k + 4 = -3*k. Calculate the remainder when 4/(-6)*258/r is divided by w.
10
Let c(q) = q + 1. Let f be c(0). Suppose -f = 9*i - 64. Suppose 0 = -5*s + 5 + 10. What is the remainder when i is divided by s?
1
Suppose -5*k = -15 - 25. Calculate the remainder when k is divided by 6.
2
Let z = 20 + 1. What is the remainder when 39 is divided by z?
18
Let m(t) = -4*t**3 + t**2 - 3*t. Calculate the remainder when m(-3) is divided by 32.
30
Let h be (3/(12/(-16)))/(-2). Suppose h*w - 38 = -2*r, 0 = 4*w - 0*w + r - 73. What is the remainder when 53 is divided by w?
17
Let r = -3 - -3. Calculate the remainder when r + (-2 - 0 - -39) is divided by 13.
11
Let j(q) = q - 6. Let w = -6 - -12. Let o be j(w). Suppose -28 = -4*g - o*g. Calculate the remainder when 25 is divided by g.
4
Let i(f) = 20*f + 4. Let j = 4 - -18. What is the remainder when i(3) is divided by j?
20
Suppose 0 = 5*b + 25, -k = 2*k - 5*b - 124. Let s = k - 19. What is the remainder when 39 is divided by s?
11
Let z(d) = -d + 2. Calculate the remainder when 33 is divided by z(-10).
9
Suppose 5*i + 5*k = -0*i + 15, -27 = -5*i + k. Suppose i*p + g + 6 = -1, 0 = p - 4*g + 14. What is the remainder when (1 - 0)/(p/(-18)) is divided by 5?
4
Suppose 5*n + 5 = 85. Let t = 56 - 10. What is the remainder when t is divided by n?
14
Let u(q) = -18*q + 1. Let n = -7 - -6. What is the remainder when u(n) is divided by 7?
5
Let a(t) = t**3 + 13*t**2 - 13*t + 33. What is the remainder when 52 is divided by a(-14)?
14
Suppose 10 = -g + 6*g. Suppose 3*n = g*n + 32. What is the remainder when n is divided by 11?
10
Suppose 81 = 5*o - 3*u + 5*u, -o + 19 = -u. What is the remainder when 28 is divided by o?
11
Let f(h) = -h**2 - h + 4. Let t be f(0). Suppose 2*j - 17 = 4*x - x, -t*x = 4*j - 44. Calculate the remainder when j is divided by 4.
2
Let j = 14 - 7. Let l = j - 3. What is the remainder when 6 is divided by l?
2
Suppose 3*j + 8 = -z, 0 = 3*j + j - 2*z + 4. Let t(y) = -y**3 - 4*y**2 - 3*y. What is the remainder when (1 - (-24 + 0)) + j is divided by t(-4)?
11
Let i be 187/33 + (-4)/6. Suppose 0*z + i*z = 95. Let t = -24 - -61. Calculate the remainder when t is divided by z.
18
Suppose 2*l = -4*z + 180, 4*z - 81 = -4*l + 99. Calculate the remainder when z is divided by 24.
21
Calculate the remainder when -3 - ((-93)/3 + 3) is divided by 1/4 + 350/40.
7
Let v(y) = y**3 + 6*y**2 + 4*y + 5. Calculate the remainder when 28 is divided by v(-5).
8
Let p be 8/2*3/4. Suppose -39 = -p*q - 6. Suppose -3*a = 2*a - 160. What is the remainder when a is divided by q?
10
Let y be (1*21/3)/(-1). Suppose -k - 7 = 4*d - 107, -5*k = 5*d - 125. Calculate the remainder when d is divided by ((-6)/4)/(y/42).
7
Let f = 1 + 3. Let m(p) = 6*p + 5. Calculate the remainder when m(f) is divided by 8.
5
What is the remainder when 5/1*(-204)/(-10) is divided by 35?
32
Let h(t) = 4*t - 25. Calculate the remainder when 90 is divided by h(11).
14
Suppose 51 = -0*m + 4*m + t, 1 = -t. Let s = -2 - -6. Calculate the remainder when m is divided by s.
1
Let o be (-1)/(-5) + 19/5. Suppose 3 = -o*k + 11. Suppose -